{"id":48,"date":"2017-01-18T07:33:57","date_gmt":"2017-01-18T07:33:57","guid":{"rendered":"http:\/\/test.jaba.dk\/?page_id=48"},"modified":"2025-11-03T10:22:25","modified_gmt":"2025-11-03T10:22:25","slug":"ledige-lejemaal","status":"publish","type":"page","link":"https:\/\/www.jaba.dk\/?page_id=48","title":{"rendered":"Ledige lejem\u00e5l"},"content":{"rendered":"\t\t<div data-elementor-type=\"wp-page\" data-elementor-id=\"48\" class=\"elementor elementor-48\">\n\t\t\t\t\t\t<section class=\"elementor-section elementor-top-section elementor-element elementor-element-2d31fdc6 elementor-section-boxed elementor-section-height-default elementor-section-height-default\" data-id=\"2d31fdc6\" data-element_type=\"section\" data-e-type=\"section\">\n\t\t\t\t\t\t<div class=\"elementor-container elementor-column-gap-default\">\n\t\t\t\t\t<div class=\"elementor-column elementor-col-100 elementor-top-column elementor-element elementor-element-39afff6d\" data-id=\"39afff6d\" data-element_type=\"column\" data-e-type=\"column\">\n\t\t\t<div class=\"elementor-widget-wrap elementor-element-populated\">\n\t\t\t\t\t\t<div class=\"elementor-element elementor-element-38a2b6e0 elementor-widget__width-initial elementor-widget elementor-widget-text-editor\" data-id=\"38a2b6e0\" data-element_type=\"widget\" data-e-type=\"widget\" data-widget_type=\"text-editor.default\">\n\t\t\t\t<div class=\"elementor-widget-container\">\n\t\t\t\t\t\t\t\t\t<p><strong>Ledige lejem\u00e5l<\/strong><\/p><p>Du er altid velkommen til at sende os en ans\u00f8gning hvis du s\u00f8ger en l\u00e6kker lejlighed i Aarhus.<\/p><p><strong><em>Her kan du se vore ledige lejem\u00e5l:<\/em><\/strong><\/p><p>110m2 R\u00e6kkehuse i Hasselager udlejes pr.15.07.2026<br \/>h<a style=\"background-color: #ffffff;\" href=\"https:\/\/www.boligportal.dk\/r%C3%A6kkehuse\/aarhus\/110m2-4-vaer-id-5332511\" target=\"_blank\" rel=\"noopener\">ttps:\/\/www.boligportal.dk\/r%C3%A6kkehuse\/aarhus\/110m2-4-vaer-id-5332511<\/a><\/p><h3>\u00a0<\/h3><h3><b><i>Nyt r\u00e6kkehus projekt i Hasselager med indflytning i Juli og August 2026<\/i><\/b><\/h3>\t\t\t\t\t\t\t\t<\/div>\n\t\t\t\t<\/div>\n\t\t\t\t<div class=\"elementor-element elementor-element-8fe8d52 elementor-widget elementor-widget-text-editor\" data-id=\"8fe8d52\" data-element_type=\"widget\" data-e-type=\"widget\" data-widget_type=\"text-editor.default\">\n\t\t\t\t<div class=\"elementor-widget-container\">\n\t\t\t\t\t\t\t\t\t<p>I sommeren 2026 st\u00e5r vi klar med vores nye 1 plans r\u00e6kkehuse placeret centralt i Hasselager p\u00e5 en stille vej med direkte adgang til stisystem og boldbaner, boligerne opf\u00f8res p\u00e5 en eksisterende grund med privatliv og masser af gr\u00f8nt omkring boligerne.<br \/>Husene er placeret med kort afstand til indk\u00f8bsfaciliteter, daginstitutioner og skole.<\/p><p>L\u00e6s mere om projektet og venteliste\u00a0<a style=\"background-color: #ffffff;\" href=\"https:\/\/skovkanten-hasselager.dk\/\" target=\"_blank\" rel=\"noopener\">her<\/a><\/p>\t\t\t\t\t\t\t\t<\/div>\n\t\t\t\t<\/div>\n\t\t\t\t\t<\/div>\n\t\t<\/div>\n\t\t\t\t\t<\/div>\n\t\t<\/section>\n\t\t\t\t<section class=\"elementor-section elementor-top-section elementor-element elementor-element-4cef31b elementor-section-boxed elementor-section-height-default elementor-section-height-default\" data-id=\"4cef31b\" data-element_type=\"section\" data-e-type=\"section\">\n\t\t\t\t\t\t<div class=\"elementor-container elementor-column-gap-default\">\n\t\t\t\t\t<div class=\"elementor-column elementor-col-100 elementor-top-column elementor-element elementor-element-43b15d2\" data-id=\"43b15d2\" data-element_type=\"column\" data-e-type=\"column\">\n\t\t\t<div class=\"elementor-widget-wrap\">\n\t\t\t\t\t\t\t<\/div>\n\t\t<\/div>\n\t\t\t\t\t<\/div>\n\t\t<\/section>\n\t\t\t\t<\/div>\n\t\t","protected":false},"excerpt":{"rendered":"<p>Ledige lejem\u00e5l Du er altid velkommen til at sende os en ans\u00f8gning hvis du s\u00f8ger en l\u00e6kker lejlighed i Aarhus. Her kan du se vore ledige lejem\u00e5l: 110m2 R\u00e6kkehuse i Hasselager udlejes pr.15.07.2026https:\/\/www.boligportal.dk\/r%C3%A6kkehuse\/aarhus\/110m2-4-vaer-id-5332511 \u00a0 Nyt r\u00e6kkehus projekt i Hasselager med indflytning i Juli og August 2026 I sommeren 2026 st\u00e5r vi klar med vores nye &#8230; <a title=\"Ledige lejem\u00e5l\" class=\"read-more\" href=\"https:\/\/www.jaba.dk\/?page_id=48\">Read more<\/a><\/p>\n","protected":false},"author":1,"featured_media":0,"parent":0,"menu_order":0,"comment_status":"closed","ping_status":"closed","template":"","meta":{"generate_page_header":"","footnotes":""},"class_list":["post-48","page","type-page","status-publish"],"yoast_head":"<!-- This site is optimized with the Yoast SEO plugin v27.5 - https:\/\/yoast.com\/product\/yoast-seo-wordpress\/ -->\n<title>Ledige lejem\u00e5l - Jaba Ejendomme A\/S<\/title>\n<meta name=\"robots\" content=\"index, follow, max-snippet:-1, max-image-preview:large, max-video-preview:-1\" \/>\n<link rel=\"canonical\" href=\"https:\/\/www.jaba.dk\/?page_id=48\" \/>\n<meta property=\"og:locale\" content=\"da_DK\" \/>\n<meta property=\"og:type\" content=\"article\" \/>\n<meta property=\"og:title\" content=\"Ledige lejem\u00e5l - Jaba Ejendomme A\/S\" \/>\n<meta property=\"og:description\" content=\"Ledige lejem\u00e5l Du er altid velkommen til at sende os en ans\u00f8gning hvis du s\u00f8ger en l\u00e6kker lejlighed i Aarhus. Her kan du se vore ledige lejem\u00e5l: 110m2 R\u00e6kkehuse i Hasselager udlejes pr.15.07.2026https:\/\/www.boligportal.dk\/r%C3%A6kkehuse\/aarhus\/110m2-4-vaer-id-5332511 \u00a0 Nyt r\u00e6kkehus projekt i Hasselager med indflytning i Juli og August 2026 I sommeren 2026 st\u00e5r vi klar med vores nye ... Read more\" \/>\n<meta property=\"og:url\" content=\"https:\/\/www.jaba.dk\/?page_id=48\" \/>\n<meta property=\"og:site_name\" content=\"Jaba Ejendomme A\/S\" \/>\n<meta property=\"article:modified_time\" content=\"2025-11-03T10:22:25+00:00\" \/>\n<meta name=\"twitter:card\" content=\"summary_large_image\" \/>\n<meta name=\"twitter:label1\" content=\"Estimeret l\u00e6setid\" \/>\n\t<meta name=\"twitter:data1\" content=\"1 minut\" \/>\n<script type=\"application\/ld+json\" class=\"yoast-schema-graph\">{\"@context\":\"https:\\\/\\\/schema.org\",\"@graph\":[{\"@type\":\"WebPage\",\"@id\":\"https:\\\/\\\/www.jaba.dk\\\/?page_id=48\",\"url\":\"https:\\\/\\\/www.jaba.dk\\\/?page_id=48\",\"name\":\"Ledige lejem\u00e5l - Jaba Ejendomme A\\\/S\",\"isPartOf\":{\"@id\":\"https:\\\/\\\/www.jaba.dk\\\/#website\"},\"datePublished\":\"2017-01-18T07:33:57+00:00\",\"dateModified\":\"2025-11-03T10:22:25+00:00\",\"breadcrumb\":{\"@id\":\"https:\\\/\\\/www.jaba.dk\\\/?page_id=48#breadcrumb\"},\"inLanguage\":\"da-DK\",\"potentialAction\":[{\"@type\":\"ReadAction\",\"target\":[\"https:\\\/\\\/www.jaba.dk\\\/?page_id=48\"]}]},{\"@type\":\"BreadcrumbList\",\"@id\":\"https:\\\/\\\/www.jaba.dk\\\/?page_id=48#breadcrumb\",\"itemListElement\":[{\"@type\":\"ListItem\",\"position\":1,\"name\":\"Hjem\",\"item\":\"https:\\\/\\\/www.jaba.dk\\\/\"},{\"@type\":\"ListItem\",\"position\":2,\"name\":\"Ledige lejem\u00e5l\"}]},{\"@type\":\"WebSite\",\"@id\":\"https:\\\/\\\/www.jaba.dk\\\/#website\",\"url\":\"https:\\\/\\\/www.jaba.dk\\\/\",\"name\":\"Jaba Ejendomme A\\\/S\",\"description\":\"\",\"publisher\":{\"@id\":\"https:\\\/\\\/www.jaba.dk\\\/#organization\"},\"potentialAction\":[{\"@type\":\"SearchAction\",\"target\":{\"@type\":\"EntryPoint\",\"urlTemplate\":\"https:\\\/\\\/www.jaba.dk\\\/?s={search_term_string}\"},\"query-input\":{\"@type\":\"PropertyValueSpecification\",\"valueRequired\":true,\"valueName\":\"search_term_string\"}}],\"inLanguage\":\"da-DK\"},{\"@type\":\"Organization\",\"@id\":\"https:\\\/\\\/www.jaba.dk\\\/#organization\",\"name\":\"Jaba Ejendomme A\\\/S\",\"url\":\"https:\\\/\\\/www.jaba.dk\\\/\",\"logo\":{\"@type\":\"ImageObject\",\"inLanguage\":\"da-DK\",\"@id\":\"https:\\\/\\\/www.jaba.dk\\\/#\\\/schema\\\/logo\\\/image\\\/\",\"url\":\"https:\\\/\\\/www.jaba.dk\\\/wp-content\\\/uploads\\\/2017\\\/01\\\/jabalog-3-2.jpg\",\"contentUrl\":\"https:\\\/\\\/www.jaba.dk\\\/wp-content\\\/uploads\\\/2017\\\/01\\\/jabalog-3-2.jpg\",\"width\":237,\"height\":86,\"caption\":\"Jaba Ejendomme A\\\/S\"},\"image\":{\"@id\":\"https:\\\/\\\/www.jaba.dk\\\/#\\\/schema\\\/logo\\\/image\\\/\"}}]}<\/script>\n<!-- \/ Yoast SEO plugin. -->","yoast_head_json":{"title":"Ledige lejem\u00e5l - Jaba Ejendomme A\/S","robots":{"index":"index","follow":"follow","max-snippet":"max-snippet:-1","max-image-preview":"max-image-preview:large","max-video-preview":"max-video-preview:-1"},"canonical":"https:\/\/www.jaba.dk\/?page_id=48","og_locale":"da_DK","og_type":"article","og_title":"Ledige lejem\u00e5l - Jaba Ejendomme A\/S","og_description":"Ledige lejem\u00e5l Du er altid velkommen til at sende os en ans\u00f8gning hvis du s\u00f8ger en l\u00e6kker lejlighed i Aarhus. Her kan du se vore ledige lejem\u00e5l: 110m2 R\u00e6kkehuse i Hasselager udlejes pr.15.07.2026https:\/\/www.boligportal.dk\/r%C3%A6kkehuse\/aarhus\/110m2-4-vaer-id-5332511 \u00a0 Nyt r\u00e6kkehus projekt i Hasselager med indflytning i Juli og August 2026 I sommeren 2026 st\u00e5r vi klar med vores nye ... Read more","og_url":"https:\/\/www.jaba.dk\/?page_id=48","og_site_name":"Jaba Ejendomme A\/S","article_modified_time":"2025-11-03T10:22:25+00:00","twitter_card":"summary_large_image","twitter_misc":{"Estimeret l\u00e6setid":"1 minut"},"schema":{"@context":"https:\/\/schema.org","@graph":[{"@type":"WebPage","@id":"https:\/\/www.jaba.dk\/?page_id=48","url":"https:\/\/www.jaba.dk\/?page_id=48","name":"Ledige lejem\u00e5l - Jaba Ejendomme A\/S","isPartOf":{"@id":"https:\/\/www.jaba.dk\/#website"},"datePublished":"2017-01-18T07:33:57+00:00","dateModified":"2025-11-03T10:22:25+00:00","breadcrumb":{"@id":"https:\/\/www.jaba.dk\/?page_id=48#breadcrumb"},"inLanguage":"da-DK","potentialAction":[{"@type":"ReadAction","target":["https:\/\/www.jaba.dk\/?page_id=48"]}]},{"@type":"BreadcrumbList","@id":"https:\/\/www.jaba.dk\/?page_id=48#breadcrumb","itemListElement":[{"@type":"ListItem","position":1,"name":"Hjem","item":"https:\/\/www.jaba.dk\/"},{"@type":"ListItem","position":2,"name":"Ledige lejem\u00e5l"}]},{"@type":"WebSite","@id":"https:\/\/www.jaba.dk\/#website","url":"https:\/\/www.jaba.dk\/","name":"Jaba Ejendomme A\/S","description":"","publisher":{"@id":"https:\/\/www.jaba.dk\/#organization"},"potentialAction":[{"@type":"SearchAction","target":{"@type":"EntryPoint","urlTemplate":"https:\/\/www.jaba.dk\/?s={search_term_string}"},"query-input":{"@type":"PropertyValueSpecification","valueRequired":true,"valueName":"search_term_string"}}],"inLanguage":"da-DK"},{"@type":"Organization","@id":"https:\/\/www.jaba.dk\/#organization","name":"Jaba Ejendomme A\/S","url":"https:\/\/www.jaba.dk\/","logo":{"@type":"ImageObject","inLanguage":"da-DK","@id":"https:\/\/www.jaba.dk\/#\/schema\/logo\/image\/","url":"https:\/\/www.jaba.dk\/wp-content\/uploads\/2017\/01\/jabalog-3-2.jpg","contentUrl":"https:\/\/www.jaba.dk\/wp-content\/uploads\/2017\/01\/jabalog-3-2.jpg","width":237,"height":86,"caption":"Jaba Ejendomme A\/S"},"image":{"@id":"https:\/\/www.jaba.dk\/#\/schema\/logo\/image\/"}}]}},"_links":{"self":[{"href":"https:\/\/www.jaba.dk\/index.php?rest_route=\/wp\/v2\/pages\/48","targetHints":{"allow":["GET"]}}],"collection":[{"href":"https:\/\/www.jaba.dk\/index.php?rest_route=\/wp\/v2\/pages"}],"about":[{"href":"https:\/\/www.jaba.dk\/index.php?rest_route=\/wp\/v2\/types\/page"}],"author":[{"embeddable":true,"href":"https:\/\/www.jaba.dk\/index.php?rest_route=\/wp\/v2\/users\/1"}],"replies":[{"embeddable":true,"href":"https:\/\/www.jaba.dk\/index.php?rest_route=%2Fwp%2Fv2%2Fcomments&post=48"}],"version-history":[{"count":92,"href":"https:\/\/www.jaba.dk\/index.php?rest_route=\/wp\/v2\/pages\/48\/revisions"}],"predecessor-version":[{"id":573,"href":"https:\/\/www.jaba.dk\/index.php?rest_route=\/wp\/v2\/pages\/48\/revisions\/573"}],"wp:attachment":[{"href":"https:\/\/www.jaba.dk\/index.php?rest_route=%2Fwp%2Fv2%2Fmedia&parent=48"}],"curies":[{"name":"wp","href":"https:\/\/api.w.org\/{rel}","templated":true}]}}