{"id":31,"date":"2017-01-18T07:23:50","date_gmt":"2017-01-18T07:23:50","guid":{"rendered":"http:\/\/test.jaba.dk\/?page_id=31"},"modified":"2021-03-11T13:26:06","modified_gmt":"2021-03-11T13:26:06","slug":"information","status":"publish","type":"page","link":"https:\/\/www.jaba.dk\/?page_id=31","title":{"rendered":"Ejendomme"},"content":{"rendered":"<h3>Bogensegade 15, 8000 Aarhus C<\/h3>\n<p><a href=\"http:\/\/www.jaba.dk\/wp-content\/uploads\/2017\/01\/20170228_Energim\u00e6rke-Bogensegade.pdf\" target=\"_blank\" rel=\"noopener noreferrer\">Se energirapport<\/a><\/p>\n<p><a href=\"https:\/\/www.jaba.dk\/?page_id=238\">Se ejendom<\/a><\/p>\n<p><img fetchpriority=\"high\" decoding=\"async\" class=\"alignnone wp-image-192 size-full\" src=\"http:\/\/www.jaba.dk\/wp-content\/uploads\/2017\/01\/bogensegade-1.jpg\" width=\"960\" height=\"640\" srcset=\"https:\/\/www.jaba.dk\/wp-content\/uploads\/2017\/01\/bogensegade-1.jpg 960w, https:\/\/www.jaba.dk\/wp-content\/uploads\/2017\/01\/bogensegade-1-300x200.jpg 300w, https:\/\/www.jaba.dk\/wp-content\/uploads\/2017\/01\/bogensegade-1-768x512.jpg 768w\" sizes=\"(max-width: 960px) 100vw, 960px\" \/><\/p>\n<hr \/>\n<h3>Christen K\u00f8bkes Gade 10, 8000 Aarhus C<\/h3>\n<p><img decoding=\"async\" class=\"alignnone wp-image-194 size-full\" src=\"http:\/\/www.jaba.dk\/wp-content\/uploads\/2017\/01\/ckg10.jpg\" width=\"960\" height=\"640\" srcset=\"https:\/\/www.jaba.dk\/wp-content\/uploads\/2017\/01\/ckg10.jpg 960w, https:\/\/www.jaba.dk\/wp-content\/uploads\/2017\/01\/ckg10-300x200.jpg 300w, https:\/\/www.jaba.dk\/wp-content\/uploads\/2017\/01\/ckg10-768x512.jpg 768w\" sizes=\"(max-width: 960px) 100vw, 960px\" \/><\/p>\n<hr \/>\n<h3>Christian W\u00e6rumsgade 18, 8000 Aarhus C<\/h3>\n<p><a href=\"https:\/\/www.jaba.dk\/wp-content\/uploads\/2018\/10\/Energim\u00e6rke_Chr_Waerums_Gade_18_8000_Aarhus_C.pdf\" target=\"_blank\" rel=\"noopener noreferrer\">Se energirapport<\/a><\/p>\n<h3><img decoding=\"async\" class=\"alignnone wp-image-196 size-full\" src=\"http:\/\/www.jaba.dk\/wp-content\/uploads\/2017\/01\/cwg18.jpg\" width=\"960\" height=\"640\" srcset=\"https:\/\/www.jaba.dk\/wp-content\/uploads\/2017\/01\/cwg18.jpg 960w, https:\/\/www.jaba.dk\/wp-content\/uploads\/2017\/01\/cwg18-300x200.jpg 300w, https:\/\/www.jaba.dk\/wp-content\/uploads\/2017\/01\/cwg18-768x512.jpg 768w\" sizes=\"(max-width: 960px) 100vw, 960px\" \/><\/h3>\n<hr \/>\n<h3>Vestre Ringgade 62, 8000 Aarhus C<\/h3>\n<p><a href=\"https:\/\/www.jaba.dk\/wp-content\/uploads\/2018\/09\/Energim\u00e6rke_Vestre_Ringgade_62_8000_Aarhus_C.pdf\" target=\"_blank\" rel=\"noopener noreferrer\">Se energirapport<\/a><\/p>\n<p><a href=\"https:\/\/www.jaba.dk\/wp-content\/uploads\/2018\/09\/Ejendommen.jpg\"><img loading=\"lazy\" decoding=\"async\" class=\"alignnone size-full wp-image-269\" src=\"https:\/\/www.jaba.dk\/wp-content\/uploads\/2018\/09\/Ejendommen.jpg\" alt=\"\" width=\"960\" height=\"640\" srcset=\"https:\/\/www.jaba.dk\/wp-content\/uploads\/2018\/09\/Ejendommen.jpg 960w, https:\/\/www.jaba.dk\/wp-content\/uploads\/2018\/09\/Ejendommen-300x200.jpg 300w, https:\/\/www.jaba.dk\/wp-content\/uploads\/2018\/09\/Ejendommen-768x512.jpg 768w\" sizes=\"(max-width: 960px) 100vw, 960px\" \/><\/a><\/p>\n<hr \/>\n<h3>Tousvej 97 &#8211; 99, 8230 \u00c5byh\u00f8j<\/h3>\n<p><img loading=\"lazy\" decoding=\"async\" class=\"alignnone wp-image-198 size-full\" src=\"http:\/\/www.jaba.dk\/wp-content\/uploads\/2017\/01\/tousvej.jpg\" width=\"960\" height=\"640\" srcset=\"https:\/\/www.jaba.dk\/wp-content\/uploads\/2017\/01\/tousvej.jpg 960w, https:\/\/www.jaba.dk\/wp-content\/uploads\/2017\/01\/tousvej-300x200.jpg 300w, https:\/\/www.jaba.dk\/wp-content\/uploads\/2017\/01\/tousvej-768x512.jpg 768w\" sizes=\"(max-width: 960px) 100vw, 960px\" \/><\/p>\n<hr \/>\n<h3>\u00c5lborggade 24, 8000 Aarhus C<\/h3>\n<p><a href=\"https:\/\/www.jaba.dk\/wp-content\/uploads\/2018\/10\/Energim\u00e6rke_Aalborggade_24_8000_Aarhus_C.pdf\" target=\"_blank\" rel=\"noopener noreferrer\">Se energirapport<\/a><\/p>\n<p><img loading=\"lazy\" decoding=\"async\" class=\"alignnone wp-image-199 size-full\" src=\"http:\/\/www.jaba.dk\/wp-content\/uploads\/2017\/01\/aal.jpg\" width=\"960\" height=\"640\" srcset=\"https:\/\/www.jaba.dk\/wp-content\/uploads\/2017\/01\/aal.jpg 960w, https:\/\/www.jaba.dk\/wp-content\/uploads\/2017\/01\/aal-300x200.jpg 300w, https:\/\/www.jaba.dk\/wp-content\/uploads\/2017\/01\/aal-768x512.jpg 768w\" sizes=\"(max-width: 960px) 100vw, 960px\" \/><\/p>\n<hr \/>\n<h3>Viborgvej 29, 8000 Aarhus C<\/h3>\n<p><a href=\"https:\/\/www.jaba.dk\/wp-content\/uploads\/2021\/03\/Bilag-2.8-Energimaerke.pdf\" target=\"_blank\" rel=\"noopener\">Se energirapport<\/a><\/p>\n<p><a href=\"https:\/\/www.jaba.dk\/wp-content\/uploads\/2021\/03\/viborgvej.jpg\"><img loading=\"lazy\" decoding=\"async\" class=\"alignnone size-large wp-image-361\" src=\"https:\/\/www.jaba.dk\/wp-content\/uploads\/2021\/03\/viborgvej-683x1024.jpg\" alt=\"\" width=\"683\" height=\"1024\" srcset=\"https:\/\/www.jaba.dk\/wp-content\/uploads\/2021\/03\/viborgvej-683x1024.jpg 683w, https:\/\/www.jaba.dk\/wp-content\/uploads\/2021\/03\/viborgvej-200x300.jpg 200w, https:\/\/www.jaba.dk\/wp-content\/uploads\/2021\/03\/viborgvej-768x1152.jpg 768w, https:\/\/www.jaba.dk\/wp-content\/uploads\/2021\/03\/viborgvej.jpg 800w\" sizes=\"(max-width: 683px) 100vw, 683px\" \/><\/a><\/p>\n","protected":false},"excerpt":{"rendered":"<p>Bogensegade 15, 8000 Aarhus C Se energirapport Se ejendom Christen K\u00f8bkes Gade 10, 8000 Aarhus C Christian W\u00e6rumsgade 18, 8000 Aarhus C Se energirapport Vestre Ringgade 62, 8000 Aarhus C Se energirapport Tousvej 97 &#8211; 99, 8230 \u00c5byh\u00f8j \u00c5lborggade 24, 8000 Aarhus C Se energirapport Viborgvej 29, 8000 Aarhus C Se energirapport<\/p>\n","protected":false},"author":1,"featured_media":0,"parent":0,"menu_order":0,"comment_status":"closed","ping_status":"closed","template":"","meta":{"generate_page_header":"","footnotes":""},"class_list":["post-31","page","type-page","status-publish"],"yoast_head":"<!-- This site is optimized with the Yoast SEO plugin v27.6 - https:\/\/yoast.com\/product\/yoast-seo-wordpress\/ -->\n<title>Ejendomme - Jaba Ejendomme A\/S<\/title>\n<meta name=\"robots\" content=\"index, follow, max-snippet:-1, max-image-preview:large, max-video-preview:-1\" \/>\n<link rel=\"canonical\" href=\"https:\/\/www.jaba.dk\/?page_id=31\" \/>\n<meta property=\"og:locale\" content=\"da_DK\" \/>\n<meta property=\"og:type\" content=\"article\" \/>\n<meta property=\"og:title\" content=\"Ejendomme - Jaba Ejendomme A\/S\" \/>\n<meta property=\"og:description\" content=\"Bogensegade 15, 8000 Aarhus C Se energirapport Se ejendom Christen K\u00f8bkes Gade 10, 8000 Aarhus C Christian W\u00e6rumsgade 18, 8000 Aarhus C Se energirapport Vestre Ringgade 62, 8000 Aarhus C Se energirapport Tousvej 97 &#8211; 99, 8230 \u00c5byh\u00f8j \u00c5lborggade 24, 8000 Aarhus C Se energirapport Viborgvej 29, 8000 Aarhus C Se energirapport\" \/>\n<meta property=\"og:url\" content=\"https:\/\/www.jaba.dk\/?page_id=31\" \/>\n<meta property=\"og:site_name\" content=\"Jaba Ejendomme A\/S\" \/>\n<meta property=\"article:modified_time\" content=\"2021-03-11T13:26:06+00:00\" \/>\n<meta property=\"og:image\" content=\"http:\/\/www.jaba.dk\/wp-content\/uploads\/2017\/01\/bogensegade-1.jpg\" \/>\n<meta name=\"twitter:card\" content=\"summary_large_image\" \/>\n<script type=\"application\/ld+json\" class=\"yoast-schema-graph\">{\"@context\":\"https:\\\/\\\/schema.org\",\"@graph\":[{\"@type\":\"WebPage\",\"@id\":\"https:\\\/\\\/www.jaba.dk\\\/?page_id=31\",\"url\":\"https:\\\/\\\/www.jaba.dk\\\/?page_id=31\",\"name\":\"Ejendomme - Jaba Ejendomme A\\\/S\",\"isPartOf\":{\"@id\":\"https:\\\/\\\/www.jaba.dk\\\/#website\"},\"primaryImageOfPage\":{\"@id\":\"https:\\\/\\\/www.jaba.dk\\\/?page_id=31#primaryimage\"},\"image\":{\"@id\":\"https:\\\/\\\/www.jaba.dk\\\/?page_id=31#primaryimage\"},\"thumbnailUrl\":\"http:\\\/\\\/www.jaba.dk\\\/wp-content\\\/uploads\\\/2017\\\/01\\\/bogensegade-1.jpg\",\"datePublished\":\"2017-01-18T07:23:50+00:00\",\"dateModified\":\"2021-03-11T13:26:06+00:00\",\"breadcrumb\":{\"@id\":\"https:\\\/\\\/www.jaba.dk\\\/?page_id=31#breadcrumb\"},\"inLanguage\":\"da-DK\",\"potentialAction\":[{\"@type\":\"ReadAction\",\"target\":[\"https:\\\/\\\/www.jaba.dk\\\/?page_id=31\"]}]},{\"@type\":\"ImageObject\",\"inLanguage\":\"da-DK\",\"@id\":\"https:\\\/\\\/www.jaba.dk\\\/?page_id=31#primaryimage\",\"url\":\"http:\\\/\\\/www.jaba.dk\\\/wp-content\\\/uploads\\\/2017\\\/01\\\/bogensegade-1.jpg\",\"contentUrl\":\"http:\\\/\\\/www.jaba.dk\\\/wp-content\\\/uploads\\\/2017\\\/01\\\/bogensegade-1.jpg\"},{\"@type\":\"BreadcrumbList\",\"@id\":\"https:\\\/\\\/www.jaba.dk\\\/?page_id=31#breadcrumb\",\"itemListElement\":[{\"@type\":\"ListItem\",\"position\":1,\"name\":\"Hjem\",\"item\":\"https:\\\/\\\/www.jaba.dk\\\/\"},{\"@type\":\"ListItem\",\"position\":2,\"name\":\"Ejendomme\"}]},{\"@type\":\"WebSite\",\"@id\":\"https:\\\/\\\/www.jaba.dk\\\/#website\",\"url\":\"https:\\\/\\\/www.jaba.dk\\\/\",\"name\":\"Jaba Ejendomme A\\\/S\",\"description\":\"\",\"publisher\":{\"@id\":\"https:\\\/\\\/www.jaba.dk\\\/#organization\"},\"potentialAction\":[{\"@type\":\"SearchAction\",\"target\":{\"@type\":\"EntryPoint\",\"urlTemplate\":\"https:\\\/\\\/www.jaba.dk\\\/?s={search_term_string}\"},\"query-input\":{\"@type\":\"PropertyValueSpecification\",\"valueRequired\":true,\"valueName\":\"search_term_string\"}}],\"inLanguage\":\"da-DK\"},{\"@type\":\"Organization\",\"@id\":\"https:\\\/\\\/www.jaba.dk\\\/#organization\",\"name\":\"Jaba Ejendomme A\\\/S\",\"url\":\"https:\\\/\\\/www.jaba.dk\\\/\",\"logo\":{\"@type\":\"ImageObject\",\"inLanguage\":\"da-DK\",\"@id\":\"https:\\\/\\\/www.jaba.dk\\\/#\\\/schema\\\/logo\\\/image\\\/\",\"url\":\"https:\\\/\\\/www.jaba.dk\\\/wp-content\\\/uploads\\\/2017\\\/01\\\/jabalog-3-2.jpg\",\"contentUrl\":\"https:\\\/\\\/www.jaba.dk\\\/wp-content\\\/uploads\\\/2017\\\/01\\\/jabalog-3-2.jpg\",\"width\":237,\"height\":86,\"caption\":\"Jaba Ejendomme A\\\/S\"},\"image\":{\"@id\":\"https:\\\/\\\/www.jaba.dk\\\/#\\\/schema\\\/logo\\\/image\\\/\"}}]}<\/script>\n<!-- \/ Yoast SEO plugin. -->","yoast_head_json":{"title":"Ejendomme - Jaba Ejendomme A\/S","robots":{"index":"index","follow":"follow","max-snippet":"max-snippet:-1","max-image-preview":"max-image-preview:large","max-video-preview":"max-video-preview:-1"},"canonical":"https:\/\/www.jaba.dk\/?page_id=31","og_locale":"da_DK","og_type":"article","og_title":"Ejendomme - Jaba Ejendomme A\/S","og_description":"Bogensegade 15, 8000 Aarhus C Se energirapport Se ejendom Christen K\u00f8bkes Gade 10, 8000 Aarhus C Christian W\u00e6rumsgade 18, 8000 Aarhus C Se energirapport Vestre Ringgade 62, 8000 Aarhus C Se energirapport Tousvej 97 &#8211; 99, 8230 \u00c5byh\u00f8j \u00c5lborggade 24, 8000 Aarhus C Se energirapport Viborgvej 29, 8000 Aarhus C Se energirapport","og_url":"https:\/\/www.jaba.dk\/?page_id=31","og_site_name":"Jaba Ejendomme A\/S","article_modified_time":"2021-03-11T13:26:06+00:00","og_image":[{"url":"http:\/\/www.jaba.dk\/wp-content\/uploads\/2017\/01\/bogensegade-1.jpg","type":"","width":"","height":""}],"twitter_card":"summary_large_image","schema":{"@context":"https:\/\/schema.org","@graph":[{"@type":"WebPage","@id":"https:\/\/www.jaba.dk\/?page_id=31","url":"https:\/\/www.jaba.dk\/?page_id=31","name":"Ejendomme - Jaba Ejendomme A\/S","isPartOf":{"@id":"https:\/\/www.jaba.dk\/#website"},"primaryImageOfPage":{"@id":"https:\/\/www.jaba.dk\/?page_id=31#primaryimage"},"image":{"@id":"https:\/\/www.jaba.dk\/?page_id=31#primaryimage"},"thumbnailUrl":"http:\/\/www.jaba.dk\/wp-content\/uploads\/2017\/01\/bogensegade-1.jpg","datePublished":"2017-01-18T07:23:50+00:00","dateModified":"2021-03-11T13:26:06+00:00","breadcrumb":{"@id":"https:\/\/www.jaba.dk\/?page_id=31#breadcrumb"},"inLanguage":"da-DK","potentialAction":[{"@type":"ReadAction","target":["https:\/\/www.jaba.dk\/?page_id=31"]}]},{"@type":"ImageObject","inLanguage":"da-DK","@id":"https:\/\/www.jaba.dk\/?page_id=31#primaryimage","url":"http:\/\/www.jaba.dk\/wp-content\/uploads\/2017\/01\/bogensegade-1.jpg","contentUrl":"http:\/\/www.jaba.dk\/wp-content\/uploads\/2017\/01\/bogensegade-1.jpg"},{"@type":"BreadcrumbList","@id":"https:\/\/www.jaba.dk\/?page_id=31#breadcrumb","itemListElement":[{"@type":"ListItem","position":1,"name":"Hjem","item":"https:\/\/www.jaba.dk\/"},{"@type":"ListItem","position":2,"name":"Ejendomme"}]},{"@type":"WebSite","@id":"https:\/\/www.jaba.dk\/#website","url":"https:\/\/www.jaba.dk\/","name":"Jaba Ejendomme A\/S","description":"","publisher":{"@id":"https:\/\/www.jaba.dk\/#organization"},"potentialAction":[{"@type":"SearchAction","target":{"@type":"EntryPoint","urlTemplate":"https:\/\/www.jaba.dk\/?s={search_term_string}"},"query-input":{"@type":"PropertyValueSpecification","valueRequired":true,"valueName":"search_term_string"}}],"inLanguage":"da-DK"},{"@type":"Organization","@id":"https:\/\/www.jaba.dk\/#organization","name":"Jaba Ejendomme A\/S","url":"https:\/\/www.jaba.dk\/","logo":{"@type":"ImageObject","inLanguage":"da-DK","@id":"https:\/\/www.jaba.dk\/#\/schema\/logo\/image\/","url":"https:\/\/www.jaba.dk\/wp-content\/uploads\/2017\/01\/jabalog-3-2.jpg","contentUrl":"https:\/\/www.jaba.dk\/wp-content\/uploads\/2017\/01\/jabalog-3-2.jpg","width":237,"height":86,"caption":"Jaba Ejendomme A\/S"},"image":{"@id":"https:\/\/www.jaba.dk\/#\/schema\/logo\/image\/"}}]}},"_links":{"self":[{"href":"https:\/\/www.jaba.dk\/index.php?rest_route=\/wp\/v2\/pages\/31","targetHints":{"allow":["GET"]}}],"collection":[{"href":"https:\/\/www.jaba.dk\/index.php?rest_route=\/wp\/v2\/pages"}],"about":[{"href":"https:\/\/www.jaba.dk\/index.php?rest_route=\/wp\/v2\/types\/page"}],"author":[{"embeddable":true,"href":"https:\/\/www.jaba.dk\/index.php?rest_route=\/wp\/v2\/users\/1"}],"replies":[{"embeddable":true,"href":"https:\/\/www.jaba.dk\/index.php?rest_route=%2Fwp%2Fv2%2Fcomments&post=31"}],"version-history":[{"count":30,"href":"https:\/\/www.jaba.dk\/index.php?rest_route=\/wp\/v2\/pages\/31\/revisions"}],"predecessor-version":[{"id":365,"href":"https:\/\/www.jaba.dk\/index.php?rest_route=\/wp\/v2\/pages\/31\/revisions\/365"}],"wp:attachment":[{"href":"https:\/\/www.jaba.dk\/index.php?rest_route=%2Fwp%2Fv2%2Fmedia&parent=31"}],"curies":[{"name":"wp","href":"https:\/\/api.w.org\/{rel}","templated":true}]}}