{"id":2,"date":"2017-01-17T14:46:07","date_gmt":"2017-01-17T14:46:07","guid":{"rendered":"http:\/\/test.jaba.dk\/?page_id=2"},"modified":"2026-04-27T19:02:45","modified_gmt":"2026-04-27T19:02:45","slug":"forside","status":"publish","type":"page","link":"https:\/\/www.jaba.dk\/","title":{"rendered":"Forside"},"content":{"rendered":"\t\t<div data-elementor-type=\"wp-page\" data-elementor-id=\"2\" class=\"elementor elementor-2\">\n\t\t\t\t\t\t<section class=\"elementor-section elementor-top-section elementor-element elementor-element-045fa11 elementor-section-boxed elementor-section-height-default elementor-section-height-default\" data-id=\"045fa11\" data-element_type=\"section\" data-e-type=\"section\">\n\t\t\t\t\t\t<div class=\"elementor-container elementor-column-gap-default\">\n\t\t\t\t\t<div class=\"elementor-column elementor-col-100 elementor-top-column elementor-element elementor-element-3af79d0\" data-id=\"3af79d0\" data-element_type=\"column\" data-e-type=\"column\">\n\t\t\t<div class=\"elementor-widget-wrap elementor-element-populated\">\n\t\t\t\t\t\t<div class=\"elementor-element elementor-element-cf9efa1 elementor-widget elementor-widget-image\" data-id=\"cf9efa1\" data-element_type=\"widget\" data-e-type=\"widget\" data-widget_type=\"image.default\">\n\t\t\t\t<div class=\"elementor-widget-container\">\n\t\t\t\t\t\t\t\t\t\t\t\t\t\t\t<img fetchpriority=\"high\" decoding=\"async\" width=\"1024\" height=\"934\" src=\"https:\/\/www.jaba.dk\/wp-content\/uploads\/2026\/04\/Screenshot-2026-04-27-210106-1024x934.png\" class=\"attachment-large size-large wp-image-590\" alt=\"\" srcset=\"https:\/\/www.jaba.dk\/wp-content\/uploads\/2026\/04\/Screenshot-2026-04-27-210106-1024x934.png 1024w, https:\/\/www.jaba.dk\/wp-content\/uploads\/2026\/04\/Screenshot-2026-04-27-210106-300x274.png 300w, https:\/\/www.jaba.dk\/wp-content\/uploads\/2026\/04\/Screenshot-2026-04-27-210106-768x701.png 768w, https:\/\/www.jaba.dk\/wp-content\/uploads\/2026\/04\/Screenshot-2026-04-27-210106.png 1314w\" sizes=\"(max-width: 1024px) 100vw, 1024px\" \/>\t\t\t\t\t\t\t\t\t\t\t\t\t\t\t<\/div>\n\t\t\t\t<\/div>\n\t\t\t\t\t<\/div>\n\t\t<\/div>\n\t\t\t\t\t<\/div>\n\t\t<\/section>\n\t\t\t\t<section class=\"elementor-section elementor-top-section elementor-element elementor-element-09cc6c6 elementor-section-boxed elementor-section-height-default elementor-section-height-default\" data-id=\"09cc6c6\" data-element_type=\"section\" data-e-type=\"section\">\n\t\t\t\t\t\t<div class=\"elementor-container elementor-column-gap-default\">\n\t\t\t\t\t<div class=\"elementor-column elementor-col-100 elementor-top-column elementor-element elementor-element-3c093db\" data-id=\"3c093db\" data-element_type=\"column\" data-e-type=\"column\">\n\t\t\t<div class=\"elementor-widget-wrap elementor-element-populated\">\n\t\t\t\t\t\t<div class=\"elementor-element elementor-element-83d6ad3 elementor-widget elementor-widget-text-editor\" data-id=\"83d6ad3\" data-element_type=\"widget\" data-e-type=\"widget\" data-widget_type=\"text-editor.default\">\n\t\t\t\t<div class=\"elementor-widget-container\">\n\t\t\t\t\t\t\t\t\t<p data-start=\"95\" data-end=\"284\"><strong data-start=\"95\" data-end=\"117\">JABA ejendomme <\/strong>er et privatejet ejendomsselskab med base i Aarhus, grundlagt i 1980. Vi skaber moderne og trygge rammer for dig, der s\u00e6tter pris p\u00e5 kvalitet og en god beliggenhed.<\/p><p data-start=\"286\" data-end=\"512\">Vi tilbyder professionelle lejeboliger i attraktive og velholdte ejendomme centralt i og omkring Aarhus. Med omkring 80 lejem\u00e5l har vi noget for enhver, der \u00f8nsker en bolig, der b\u00e5de er funktionel, indbydende og i god stand.<\/p><p data-start=\"514\" data-end=\"648\">Alle vores lejligheder bliver n\u00f8je vedligeholdt og altid nyistandsat, inden du flytter ind \u2013 s\u00e5 du kan f\u00f8le dig hjemme fra f\u00f8rste dag.<\/p>\t\t\t\t\t\t\t\t<\/div>\n\t\t\t\t<\/div>\n\t\t\t\t\t<\/div>\n\t\t<\/div>\n\t\t\t\t\t<\/div>\n\t\t<\/section>\n\t\t\t\t<\/div>\n\t\t","protected":false},"excerpt":{"rendered":"<p>JABA ejendomme er et privatejet ejendomsselskab med base i Aarhus, grundlagt i 1980. Vi skaber moderne og trygge rammer for dig, der s\u00e6tter pris p\u00e5 kvalitet og en god beliggenhed. Vi tilbyder professionelle lejeboliger i attraktive og velholdte ejendomme centralt i og omkring Aarhus. Med omkring 80 lejem\u00e5l har vi noget for enhver, der \u00f8nsker &#8230; <a title=\"Forside\" class=\"read-more\" href=\"https:\/\/www.jaba.dk\/\">Read more<\/a><\/p>\n","protected":false},"author":1,"featured_media":0,"parent":0,"menu_order":0,"comment_status":"closed","ping_status":"open","template":"","meta":{"generate_page_header":"","footnotes":""},"class_list":["post-2","page","type-page","status-publish"],"yoast_head":"<!-- This site is optimized with the Yoast SEO plugin v27.5 - https:\/\/yoast.com\/product\/yoast-seo-wordpress\/ -->\n<title>Jaba Ejendomme A\/S<\/title>\n<meta name=\"robots\" content=\"index, follow, max-snippet:-1, max-image-preview:large, max-video-preview:-1\" \/>\n<link rel=\"canonical\" href=\"https:\/\/www.jaba.dk\/\" \/>\n<meta property=\"og:locale\" content=\"da_DK\" \/>\n<meta property=\"og:type\" content=\"article\" \/>\n<meta property=\"og:title\" content=\"Jaba Ejendomme A\/S\" \/>\n<meta property=\"og:description\" content=\"JABA ejendomme er et privatejet ejendomsselskab med base i Aarhus, grundlagt i 1980. Vi skaber moderne og trygge rammer for dig, der s\u00e6tter pris p\u00e5 kvalitet og en god beliggenhed. Vi tilbyder professionelle lejeboliger i attraktive og velholdte ejendomme centralt i og omkring Aarhus. Med omkring 80 lejem\u00e5l har vi noget for enhver, der \u00f8nsker ... Read more\" \/>\n<meta property=\"og:url\" content=\"https:\/\/www.jaba.dk\/\" \/>\n<meta property=\"og:site_name\" content=\"Jaba Ejendomme A\/S\" \/>\n<meta property=\"article:modified_time\" content=\"2026-04-27T19:02:45+00:00\" \/>\n<meta property=\"og:image\" content=\"https:\/\/www.jaba.dk\/wp-content\/uploads\/2026\/04\/Screenshot-2026-04-27-210106-1024x934.png\" \/>\n<meta name=\"twitter:card\" content=\"summary_large_image\" \/>\n<meta name=\"twitter:label1\" content=\"Estimeret l\u00e6setid\" \/>\n\t<meta name=\"twitter:data1\" content=\"1 minut\" \/>\n<script type=\"application\/ld+json\" class=\"yoast-schema-graph\">{\"@context\":\"https:\\\/\\\/schema.org\",\"@graph\":[{\"@type\":\"WebPage\",\"@id\":\"https:\\\/\\\/www.jaba.dk\\\/\",\"url\":\"https:\\\/\\\/www.jaba.dk\\\/\",\"name\":\"Jaba Ejendomme A\\\/S\",\"isPartOf\":{\"@id\":\"https:\\\/\\\/www.jaba.dk\\\/#website\"},\"primaryImageOfPage\":{\"@id\":\"https:\\\/\\\/www.jaba.dk\\\/#primaryimage\"},\"image\":{\"@id\":\"https:\\\/\\\/www.jaba.dk\\\/#primaryimage\"},\"thumbnailUrl\":\"https:\\\/\\\/www.jaba.dk\\\/wp-content\\\/uploads\\\/2026\\\/04\\\/Screenshot-2026-04-27-210106-1024x934.png\",\"datePublished\":\"2017-01-17T14:46:07+00:00\",\"dateModified\":\"2026-04-27T19:02:45+00:00\",\"breadcrumb\":{\"@id\":\"https:\\\/\\\/www.jaba.dk\\\/#breadcrumb\"},\"inLanguage\":\"da-DK\",\"potentialAction\":[{\"@type\":\"ReadAction\",\"target\":[\"https:\\\/\\\/www.jaba.dk\\\/\"]}]},{\"@type\":\"ImageObject\",\"inLanguage\":\"da-DK\",\"@id\":\"https:\\\/\\\/www.jaba.dk\\\/#primaryimage\",\"url\":\"https:\\\/\\\/www.jaba.dk\\\/wp-content\\\/uploads\\\/2026\\\/04\\\/Screenshot-2026-04-27-210106.png\",\"contentUrl\":\"https:\\\/\\\/www.jaba.dk\\\/wp-content\\\/uploads\\\/2026\\\/04\\\/Screenshot-2026-04-27-210106.png\",\"width\":1314,\"height\":1199},{\"@type\":\"BreadcrumbList\",\"@id\":\"https:\\\/\\\/www.jaba.dk\\\/#breadcrumb\",\"itemListElement\":[{\"@type\":\"ListItem\",\"position\":1,\"name\":\"Hjem\",\"item\":\"https:\\\/\\\/www.jaba.dk\\\/\"},{\"@type\":\"ListItem\",\"position\":2,\"name\":\"Forside\"}]},{\"@type\":\"WebSite\",\"@id\":\"https:\\\/\\\/www.jaba.dk\\\/#website\",\"url\":\"https:\\\/\\\/www.jaba.dk\\\/\",\"name\":\"Jaba Ejendomme A\\\/S\",\"description\":\"\",\"publisher\":{\"@id\":\"https:\\\/\\\/www.jaba.dk\\\/#organization\"},\"potentialAction\":[{\"@type\":\"SearchAction\",\"target\":{\"@type\":\"EntryPoint\",\"urlTemplate\":\"https:\\\/\\\/www.jaba.dk\\\/?s={search_term_string}\"},\"query-input\":{\"@type\":\"PropertyValueSpecification\",\"valueRequired\":true,\"valueName\":\"search_term_string\"}}],\"inLanguage\":\"da-DK\"},{\"@type\":\"Organization\",\"@id\":\"https:\\\/\\\/www.jaba.dk\\\/#organization\",\"name\":\"Jaba Ejendomme A\\\/S\",\"url\":\"https:\\\/\\\/www.jaba.dk\\\/\",\"logo\":{\"@type\":\"ImageObject\",\"inLanguage\":\"da-DK\",\"@id\":\"https:\\\/\\\/www.jaba.dk\\\/#\\\/schema\\\/logo\\\/image\\\/\",\"url\":\"https:\\\/\\\/www.jaba.dk\\\/wp-content\\\/uploads\\\/2017\\\/01\\\/jabalog-3-2.jpg\",\"contentUrl\":\"https:\\\/\\\/www.jaba.dk\\\/wp-content\\\/uploads\\\/2017\\\/01\\\/jabalog-3-2.jpg\",\"width\":237,\"height\":86,\"caption\":\"Jaba Ejendomme A\\\/S\"},\"image\":{\"@id\":\"https:\\\/\\\/www.jaba.dk\\\/#\\\/schema\\\/logo\\\/image\\\/\"}}]}<\/script>\n<!-- \/ Yoast SEO plugin. -->","yoast_head_json":{"title":"Jaba Ejendomme A\/S","robots":{"index":"index","follow":"follow","max-snippet":"max-snippet:-1","max-image-preview":"max-image-preview:large","max-video-preview":"max-video-preview:-1"},"canonical":"https:\/\/www.jaba.dk\/","og_locale":"da_DK","og_type":"article","og_title":"Jaba Ejendomme A\/S","og_description":"JABA ejendomme er et privatejet ejendomsselskab med base i Aarhus, grundlagt i 1980. Vi skaber moderne og trygge rammer for dig, der s\u00e6tter pris p\u00e5 kvalitet og en god beliggenhed. Vi tilbyder professionelle lejeboliger i attraktive og velholdte ejendomme centralt i og omkring Aarhus. Med omkring 80 lejem\u00e5l har vi noget for enhver, der \u00f8nsker ... Read more","og_url":"https:\/\/www.jaba.dk\/","og_site_name":"Jaba Ejendomme A\/S","article_modified_time":"2026-04-27T19:02:45+00:00","og_image":[{"url":"https:\/\/www.jaba.dk\/wp-content\/uploads\/2026\/04\/Screenshot-2026-04-27-210106-1024x934.png","type":"","width":"","height":""}],"twitter_card":"summary_large_image","twitter_misc":{"Estimeret l\u00e6setid":"1 minut"},"schema":{"@context":"https:\/\/schema.org","@graph":[{"@type":"WebPage","@id":"https:\/\/www.jaba.dk\/","url":"https:\/\/www.jaba.dk\/","name":"Jaba Ejendomme A\/S","isPartOf":{"@id":"https:\/\/www.jaba.dk\/#website"},"primaryImageOfPage":{"@id":"https:\/\/www.jaba.dk\/#primaryimage"},"image":{"@id":"https:\/\/www.jaba.dk\/#primaryimage"},"thumbnailUrl":"https:\/\/www.jaba.dk\/wp-content\/uploads\/2026\/04\/Screenshot-2026-04-27-210106-1024x934.png","datePublished":"2017-01-17T14:46:07+00:00","dateModified":"2026-04-27T19:02:45+00:00","breadcrumb":{"@id":"https:\/\/www.jaba.dk\/#breadcrumb"},"inLanguage":"da-DK","potentialAction":[{"@type":"ReadAction","target":["https:\/\/www.jaba.dk\/"]}]},{"@type":"ImageObject","inLanguage":"da-DK","@id":"https:\/\/www.jaba.dk\/#primaryimage","url":"https:\/\/www.jaba.dk\/wp-content\/uploads\/2026\/04\/Screenshot-2026-04-27-210106.png","contentUrl":"https:\/\/www.jaba.dk\/wp-content\/uploads\/2026\/04\/Screenshot-2026-04-27-210106.png","width":1314,"height":1199},{"@type":"BreadcrumbList","@id":"https:\/\/www.jaba.dk\/#breadcrumb","itemListElement":[{"@type":"ListItem","position":1,"name":"Hjem","item":"https:\/\/www.jaba.dk\/"},{"@type":"ListItem","position":2,"name":"Forside"}]},{"@type":"WebSite","@id":"https:\/\/www.jaba.dk\/#website","url":"https:\/\/www.jaba.dk\/","name":"Jaba Ejendomme A\/S","description":"","publisher":{"@id":"https:\/\/www.jaba.dk\/#organization"},"potentialAction":[{"@type":"SearchAction","target":{"@type":"EntryPoint","urlTemplate":"https:\/\/www.jaba.dk\/?s={search_term_string}"},"query-input":{"@type":"PropertyValueSpecification","valueRequired":true,"valueName":"search_term_string"}}],"inLanguage":"da-DK"},{"@type":"Organization","@id":"https:\/\/www.jaba.dk\/#organization","name":"Jaba Ejendomme A\/S","url":"https:\/\/www.jaba.dk\/","logo":{"@type":"ImageObject","inLanguage":"da-DK","@id":"https:\/\/www.jaba.dk\/#\/schema\/logo\/image\/","url":"https:\/\/www.jaba.dk\/wp-content\/uploads\/2017\/01\/jabalog-3-2.jpg","contentUrl":"https:\/\/www.jaba.dk\/wp-content\/uploads\/2017\/01\/jabalog-3-2.jpg","width":237,"height":86,"caption":"Jaba Ejendomme A\/S"},"image":{"@id":"https:\/\/www.jaba.dk\/#\/schema\/logo\/image\/"}}]}},"_links":{"self":[{"href":"https:\/\/www.jaba.dk\/index.php?rest_route=\/wp\/v2\/pages\/2","targetHints":{"allow":["GET"]}}],"collection":[{"href":"https:\/\/www.jaba.dk\/index.php?rest_route=\/wp\/v2\/pages"}],"about":[{"href":"https:\/\/www.jaba.dk\/index.php?rest_route=\/wp\/v2\/types\/page"}],"author":[{"embeddable":true,"href":"https:\/\/www.jaba.dk\/index.php?rest_route=\/wp\/v2\/users\/1"}],"replies":[{"embeddable":true,"href":"https:\/\/www.jaba.dk\/index.php?rest_route=%2Fwp%2Fv2%2Fcomments&post=2"}],"version-history":[{"count":38,"href":"https:\/\/www.jaba.dk\/index.php?rest_route=\/wp\/v2\/pages\/2\/revisions"}],"predecessor-version":[{"id":593,"href":"https:\/\/www.jaba.dk\/index.php?rest_route=\/wp\/v2\/pages\/2\/revisions\/593"}],"wp:attachment":[{"href":"https:\/\/www.jaba.dk\/index.php?rest_route=%2Fwp%2Fv2%2Fmedia&parent=2"}],"curies":[{"name":"wp","href":"https:\/\/api.w.org\/{rel}","templated":true}]}}