{"id":126,"date":"2017-01-21T17:14:37","date_gmt":"2017-01-21T17:14:37","guid":{"rendered":"http:\/\/test.jaba.dk\/?page_id=126"},"modified":"2017-01-21T17:14:37","modified_gmt":"2017-01-21T17:14:37","slug":"fraflytning-2","status":"publish","type":"page","link":"https:\/\/www.jaba.dk\/?page_id=126","title":{"rendered":"Fraflytning"},"content":{"rendered":"<p><strong>Fraflytning<\/strong><\/p>\n<p>Lejem\u00e5let skal afleveres ren- og ryddelig gjort senest ti arbejdsdage f\u00f8r oph\u00f8r. For at holde dine omkostningerne nede b\u00f8r du s\u00f8rge for grundig reng\u00f8ring af f\u00f8lgende:<\/p>\n<p>H\u00e5rde hvidevarer<\/p>\n<p>Emh\u00e6tte og udsugninger<\/p>\n<p>K\u00f8kkenskabe og skuffer, ind og udvendigt<\/p>\n<p>Afl\u00f8b og riste, samt kalk aflejringer p\u00e5 fliser, haner og vaske<\/p>\n<p>Vinduer ind og udvendigt<\/p>\n<p>Tr\u00e6v\u00e6rk og vindues rammer<\/p>\n<p>Altan reng\u00f8res og eventuelle bel\u00e6gninger vaskes grundigt ned<\/p>\n<p>Udskift selv defekte el p\u00e6rer i lejlighedens faste lyskilder, og defekte batterier i ringeapparat.<\/p>\n<p>Undlad selv at ud spartle huller i v\u00e6gge, lad den professionelle h\u00e5ndv\u00e6rker om det.<\/p>\n<p><strong>Flyttesyn<\/strong><\/p>\n<p>Flyttesynet skal afholdes senest ti arbejdsdage f\u00f8r lejem\u00e5lets oph\u00f8r, og vil foreg\u00e5 i tidsrummet mandag til torsdag mellem kl. 9 og kl.14. Tidspunktet aftales en uge f\u00f8r.<\/p>\n<p>Hvis du ikke selv er tilstede ved flyttesynet, fremsendes flyttesyns rapporten til dig pr. mail samme dag. Vi skal have din nye adresse senest ved flyttesynet, gerne f\u00f8r.<\/p>\n<p><strong>\u00a0<\/strong><\/p>\n<p><strong>N\u00f8gler<\/strong><\/p>\n<p>Du skal aflevere alle n\u00f8gler til lejem\u00e5let ved flyttesynet, skulle du have mistet en n\u00f8gle, vil vi meget gerne vide det i god tid inden flyttesynet.<\/p>\n<p><strong>\u00a0<\/strong><\/p>\n<p><strong>Forbrugsm\u00e5lere<\/strong><\/p>\n<p>Du skal IKKE afmelde el, vand og varme!<\/p>\n<p>Vi s\u00f8rger for afl\u00e6sninger og flytte meddelelser til Techem og NRGi. Du h\u00e6fter for forbrug og faste gebyrer i istands\u00e6ttelsesperioden, hvis du selv afmelder el inden den dato hvor lejem\u00e5let reelt oph\u00f8rer, kommer du til at betale to flyttegebyrer.<\/p>\n<p>Internet og kabel TV skal du selv afmelde.<\/p>\n<p><strong>Opg\u00f8relse<\/strong><\/p>\n<p>Du vil modtage din opg\u00f8relses, senest en m\u00e5ned efter lejem\u00e5lets oph\u00f8r.<\/p>\n<p>Skulle du have yderligere sp\u00f8rgsm\u00e5l, er du velkommen til at kontakte os.<\/p>\n","protected":false},"excerpt":{"rendered":"<p>Fraflytning Lejem\u00e5let skal afleveres ren- og ryddelig gjort senest ti arbejdsdage f\u00f8r oph\u00f8r. For at holde dine omkostningerne nede b\u00f8r du s\u00f8rge for grundig reng\u00f8ring af f\u00f8lgende: H\u00e5rde hvidevarer Emh\u00e6tte og udsugninger K\u00f8kkenskabe og skuffer, ind og udvendigt Afl\u00f8b og riste, samt kalk aflejringer p\u00e5 fliser, haner og vaske Vinduer ind og udvendigt Tr\u00e6v\u00e6rk og &#8230; <a title=\"Fraflytning\" class=\"read-more\" href=\"https:\/\/www.jaba.dk\/?page_id=126\">Read more<\/a><\/p>\n","protected":false},"author":1,"featured_media":0,"parent":0,"menu_order":0,"comment_status":"closed","ping_status":"closed","template":"","meta":{"generate_page_header":"","footnotes":""},"class_list":["post-126","page","type-page","status-publish"],"yoast_head":"<!-- This site is optimized with the Yoast SEO plugin v27.5 - https:\/\/yoast.com\/product\/yoast-seo-wordpress\/ -->\n<title>Fraflytning - Jaba Ejendomme A\/S<\/title>\n<meta name=\"robots\" content=\"index, follow, max-snippet:-1, max-image-preview:large, max-video-preview:-1\" \/>\n<link rel=\"canonical\" href=\"https:\/\/www.jaba.dk\/?page_id=126\" \/>\n<meta property=\"og:locale\" content=\"da_DK\" \/>\n<meta property=\"og:type\" content=\"article\" \/>\n<meta property=\"og:title\" content=\"Fraflytning - Jaba Ejendomme A\/S\" \/>\n<meta property=\"og:description\" content=\"Fraflytning Lejem\u00e5let skal afleveres ren- og ryddelig gjort senest ti arbejdsdage f\u00f8r oph\u00f8r. For at holde dine omkostningerne nede b\u00f8r du s\u00f8rge for grundig reng\u00f8ring af f\u00f8lgende: H\u00e5rde hvidevarer Emh\u00e6tte og udsugninger K\u00f8kkenskabe og skuffer, ind og udvendigt Afl\u00f8b og riste, samt kalk aflejringer p\u00e5 fliser, haner og vaske Vinduer ind og udvendigt Tr\u00e6v\u00e6rk og ... Read more\" \/>\n<meta property=\"og:url\" content=\"https:\/\/www.jaba.dk\/?page_id=126\" \/>\n<meta property=\"og:site_name\" content=\"Jaba Ejendomme A\/S\" \/>\n<meta name=\"twitter:card\" content=\"summary_large_image\" \/>\n<meta name=\"twitter:label1\" content=\"Estimeret l\u00e6setid\" \/>\n\t<meta name=\"twitter:data1\" content=\"1 minut\" \/>\n<script type=\"application\/ld+json\" class=\"yoast-schema-graph\">{\"@context\":\"https:\\\/\\\/schema.org\",\"@graph\":[{\"@type\":\"WebPage\",\"@id\":\"https:\\\/\\\/www.jaba.dk\\\/?page_id=126\",\"url\":\"https:\\\/\\\/www.jaba.dk\\\/?page_id=126\",\"name\":\"Fraflytning - Jaba Ejendomme A\\\/S\",\"isPartOf\":{\"@id\":\"https:\\\/\\\/www.jaba.dk\\\/#website\"},\"datePublished\":\"2017-01-21T17:14:37+00:00\",\"breadcrumb\":{\"@id\":\"https:\\\/\\\/www.jaba.dk\\\/?page_id=126#breadcrumb\"},\"inLanguage\":\"da-DK\",\"potentialAction\":[{\"@type\":\"ReadAction\",\"target\":[\"https:\\\/\\\/www.jaba.dk\\\/?page_id=126\"]}]},{\"@type\":\"BreadcrumbList\",\"@id\":\"https:\\\/\\\/www.jaba.dk\\\/?page_id=126#breadcrumb\",\"itemListElement\":[{\"@type\":\"ListItem\",\"position\":1,\"name\":\"Hjem\",\"item\":\"https:\\\/\\\/www.jaba.dk\\\/\"},{\"@type\":\"ListItem\",\"position\":2,\"name\":\"Fraflytning\"}]},{\"@type\":\"WebSite\",\"@id\":\"https:\\\/\\\/www.jaba.dk\\\/#website\",\"url\":\"https:\\\/\\\/www.jaba.dk\\\/\",\"name\":\"Jaba Ejendomme A\\\/S\",\"description\":\"\",\"publisher\":{\"@id\":\"https:\\\/\\\/www.jaba.dk\\\/#organization\"},\"potentialAction\":[{\"@type\":\"SearchAction\",\"target\":{\"@type\":\"EntryPoint\",\"urlTemplate\":\"https:\\\/\\\/www.jaba.dk\\\/?s={search_term_string}\"},\"query-input\":{\"@type\":\"PropertyValueSpecification\",\"valueRequired\":true,\"valueName\":\"search_term_string\"}}],\"inLanguage\":\"da-DK\"},{\"@type\":\"Organization\",\"@id\":\"https:\\\/\\\/www.jaba.dk\\\/#organization\",\"name\":\"Jaba Ejendomme A\\\/S\",\"url\":\"https:\\\/\\\/www.jaba.dk\\\/\",\"logo\":{\"@type\":\"ImageObject\",\"inLanguage\":\"da-DK\",\"@id\":\"https:\\\/\\\/www.jaba.dk\\\/#\\\/schema\\\/logo\\\/image\\\/\",\"url\":\"https:\\\/\\\/www.jaba.dk\\\/wp-content\\\/uploads\\\/2017\\\/01\\\/jabalog-3-2.jpg\",\"contentUrl\":\"https:\\\/\\\/www.jaba.dk\\\/wp-content\\\/uploads\\\/2017\\\/01\\\/jabalog-3-2.jpg\",\"width\":237,\"height\":86,\"caption\":\"Jaba Ejendomme A\\\/S\"},\"image\":{\"@id\":\"https:\\\/\\\/www.jaba.dk\\\/#\\\/schema\\\/logo\\\/image\\\/\"}}]}<\/script>\n<!-- \/ Yoast SEO plugin. -->","yoast_head_json":{"title":"Fraflytning - Jaba Ejendomme A\/S","robots":{"index":"index","follow":"follow","max-snippet":"max-snippet:-1","max-image-preview":"max-image-preview:large","max-video-preview":"max-video-preview:-1"},"canonical":"https:\/\/www.jaba.dk\/?page_id=126","og_locale":"da_DK","og_type":"article","og_title":"Fraflytning - Jaba Ejendomme A\/S","og_description":"Fraflytning Lejem\u00e5let skal afleveres ren- og ryddelig gjort senest ti arbejdsdage f\u00f8r oph\u00f8r. For at holde dine omkostningerne nede b\u00f8r du s\u00f8rge for grundig reng\u00f8ring af f\u00f8lgende: H\u00e5rde hvidevarer Emh\u00e6tte og udsugninger K\u00f8kkenskabe og skuffer, ind og udvendigt Afl\u00f8b og riste, samt kalk aflejringer p\u00e5 fliser, haner og vaske Vinduer ind og udvendigt Tr\u00e6v\u00e6rk og ... Read more","og_url":"https:\/\/www.jaba.dk\/?page_id=126","og_site_name":"Jaba Ejendomme A\/S","twitter_card":"summary_large_image","twitter_misc":{"Estimeret l\u00e6setid":"1 minut"},"schema":{"@context":"https:\/\/schema.org","@graph":[{"@type":"WebPage","@id":"https:\/\/www.jaba.dk\/?page_id=126","url":"https:\/\/www.jaba.dk\/?page_id=126","name":"Fraflytning - Jaba Ejendomme A\/S","isPartOf":{"@id":"https:\/\/www.jaba.dk\/#website"},"datePublished":"2017-01-21T17:14:37+00:00","breadcrumb":{"@id":"https:\/\/www.jaba.dk\/?page_id=126#breadcrumb"},"inLanguage":"da-DK","potentialAction":[{"@type":"ReadAction","target":["https:\/\/www.jaba.dk\/?page_id=126"]}]},{"@type":"BreadcrumbList","@id":"https:\/\/www.jaba.dk\/?page_id=126#breadcrumb","itemListElement":[{"@type":"ListItem","position":1,"name":"Hjem","item":"https:\/\/www.jaba.dk\/"},{"@type":"ListItem","position":2,"name":"Fraflytning"}]},{"@type":"WebSite","@id":"https:\/\/www.jaba.dk\/#website","url":"https:\/\/www.jaba.dk\/","name":"Jaba Ejendomme A\/S","description":"","publisher":{"@id":"https:\/\/www.jaba.dk\/#organization"},"potentialAction":[{"@type":"SearchAction","target":{"@type":"EntryPoint","urlTemplate":"https:\/\/www.jaba.dk\/?s={search_term_string}"},"query-input":{"@type":"PropertyValueSpecification","valueRequired":true,"valueName":"search_term_string"}}],"inLanguage":"da-DK"},{"@type":"Organization","@id":"https:\/\/www.jaba.dk\/#organization","name":"Jaba Ejendomme A\/S","url":"https:\/\/www.jaba.dk\/","logo":{"@type":"ImageObject","inLanguage":"da-DK","@id":"https:\/\/www.jaba.dk\/#\/schema\/logo\/image\/","url":"https:\/\/www.jaba.dk\/wp-content\/uploads\/2017\/01\/jabalog-3-2.jpg","contentUrl":"https:\/\/www.jaba.dk\/wp-content\/uploads\/2017\/01\/jabalog-3-2.jpg","width":237,"height":86,"caption":"Jaba Ejendomme A\/S"},"image":{"@id":"https:\/\/www.jaba.dk\/#\/schema\/logo\/image\/"}}]}},"_links":{"self":[{"href":"https:\/\/www.jaba.dk\/index.php?rest_route=\/wp\/v2\/pages\/126","targetHints":{"allow":["GET"]}}],"collection":[{"href":"https:\/\/www.jaba.dk\/index.php?rest_route=\/wp\/v2\/pages"}],"about":[{"href":"https:\/\/www.jaba.dk\/index.php?rest_route=\/wp\/v2\/types\/page"}],"author":[{"embeddable":true,"href":"https:\/\/www.jaba.dk\/index.php?rest_route=\/wp\/v2\/users\/1"}],"replies":[{"embeddable":true,"href":"https:\/\/www.jaba.dk\/index.php?rest_route=%2Fwp%2Fv2%2Fcomments&post=126"}],"version-history":[{"count":1,"href":"https:\/\/www.jaba.dk\/index.php?rest_route=\/wp\/v2\/pages\/126\/revisions"}],"predecessor-version":[{"id":128,"href":"https:\/\/www.jaba.dk\/index.php?rest_route=\/wp\/v2\/pages\/126\/revisions\/128"}],"wp:attachment":[{"href":"https:\/\/www.jaba.dk\/index.php?rest_route=%2Fwp%2Fv2%2Fmedia&parent=126"}],"curies":[{"name":"wp","href":"https:\/\/api.w.org\/{rel}","templated":true}]}}